{"id":106179,"date":"2025-06-10T14:17:38","date_gmt":"2025-06-10T11:17:38","guid":{"rendered":"https:\/\/www.pohy.fi\/?post_type=tribe_events&#038;p=106179"},"modified":"2025-08-28T14:07:47","modified_gmt":"2025-08-28T11:07:47","slug":"pohjanmaan-sote-aamukahvit-10-9-2025-klo-8-15-9-00-osterbottens-sote-morgonkaffe","status":"publish","type":"tribe_events","link":"https:\/\/www.pohy.fi\/sv\/tapahtuma\/pohjanmaan-sote-aamukahvit-10-9-2025-klo-8-15-9-00-osterbottens-sote-morgonkaffe\/","title":{"rendered":"Pohjanmaan SOTE-aamukahvit 10.9.2025 klo 8.15 &#8211; 9.00 \u00d6sterbottens SOTE-morgonkaffe (Teams)"},"content":{"rendered":"<p>Teams: <a href=\"https:\/\/bit.ly\/46CMAAN\">https:\/\/bit.ly\/46CMAAN<\/a><\/p>\n<p>Teema: \u00a0\u00a0\u00a0\u00a0\u00a0\u00a0\u00a0\u00a0\u00a0 <strong>Asiakas- ja potilasturvallisuuskeskus<br \/>\n<\/strong>Tema: \u00a0\u00a0\u00a0\u00a0\u00a0\u00a0\u00a0\u00a0\u00a0\u00a0\u00a0 <strong>Klient- och patients\u00e4kerhetscentret<\/strong><\/p>\n<p><u><strong>Ohjelma &#8211; Program<\/strong><br \/>\n<\/u>5 min\u00a0\u00a0\u00a0\u00a0\u00a0\u00a0\u00a0\u00a0\u00a0\u00a0\u00a0\u00a0\u00a0\u00a0\u00a0\u00a0 Tervetuloa \u2013 V\u00e4lkommen \/ POHY &amp; Hyvinvointialue<br \/>\n<em>Hyvinvointialueen puheenvuoro \/ V\u00e4lf\u00e4rdsomr\u00e5dets inl\u00e4gg<br \/>\n<\/em>20 min<strong>\u00a0 \u00a0 \u00a0 \u00a0 \u00a0 \u00a0 \u00a0 \u00a0<\/strong>Asiakas- ja potilasturvallisuuskeskuksen esittely &#8211; Presentation av Klient- och patients\u00e4kerhetscentret<br \/>\n<strong>\u00a0 \u00a0 \u00a0 \u00a0 \u00a0 \u00a0 \u00a0 \u00a0 \u00a0 \u00a0 \u00a0 \u00a0 \u00a0 Jaana Kalliokoski<\/strong>, palvelup\u00e4\u00e4llikk\u00f6, Asiakas- ja potilasturvallisuuskeskus &#8211; servicechef, Klient- och patients\u00e4kerhetscentralen<br \/>\n*****<br \/>\n10 min\u00a0 \u00a0 \u00a0 \u00a0 \u00a0 \u00a0 \u00a0 \u00a0<em>J\u00e4rjest\u00f6puheenvuoro \/ F\u00f6reningarnas inl\u00e4gg<br \/>\n<\/em>\u00a0 \u00a0 \u00a0 \u00a0 \u00a0 \u00a0 \u00a0 \u00a0 \u00a0 \u00a0 \u00a0 \u00a0 \u00a0 FinFami E-P ry lyhyesti ja Asiakas- ja potilasturvallisuuskeskuksen j\u00e4rjest\u00f6jen asiantuntijaryhm\u00e4n terveiset &#8211;<br \/>\nFinFami E-P ry i korthet och h\u00e4lsningar fr\u00e5n Sakkunniggruppen f\u00f6r organisationer vid Klient- och patients\u00e4kerhetscentralen<br \/>\n<strong>\u00a0 \u00a0 \u00a0 \u00a0 \u00a0 \u00a0 \u00a0 \u00a0 \u00a0 \u00a0 \u00a0 \u00a0 \u00a0 Petra Reinikainen, <\/strong>aluety\u00f6ntekij\u00e4 &#8211; distriktsarbetare, FinFami Etel\u00e4-Pohjanmaa ry<\/p>\n<p>10 min \u00a0\u00a0\u00a0\u00a0\u00a0\u00a0\u00a0\u00a0\u00a0\u00a0\u00a0\u00a0 Kysymykset-keskustelu \u2013 Fr\u00e5gor och diskussion<\/p>","protected":false},"excerpt":{"rendered":"<p>Teams: https:\/\/bit.ly\/46CMAAN Teema: \u00a0\u00a0\u00a0\u00a0\u00a0\u00a0\u00a0\u00a0\u00a0 Asiakas- ja potilasturvallisuuskeskus Tema: \u00a0\u00a0\u00a0\u00a0\u00a0\u00a0\u00a0\u00a0\u00a0\u00a0\u00a0 Klient- och patients\u00e4kerhetscentret Ohjelma &#8211; Program 5 min\u00a0\u00a0\u00a0\u00a0\u00a0\u00a0\u00a0\u00a0\u00a0\u00a0\u00a0\u00a0\u00a0\u00a0\u00a0\u00a0 Tervetuloa \u2013 V\u00e4lkommen \/ POHY &amp; Hyvinvointialue Hyvinvointialueen puheenvuoro \/ V\u00e4lf\u00e4rdsomr\u00e5dets inl\u00e4gg 20 [&hellip;]<\/p>\n","protected":false},"author":13,"featured_media":106180,"template":"","meta":{"_et_pb_use_builder":"","_et_pb_old_content":"","_et_gb_content_width":"","_tribe_events_status":"","_tribe_events_status_reason":"","footnotes":""},"tags":[58,57,112,55],"tribe_events_cat":[77],"class_list":["post-106179","tribe_events","type-tribe_events","status-publish","has-post-thumbnail","hentry","tag-aamukahvit","tag-morgonkaffe","tag-pohjanmaa","tag-sote","tribe_events_cat-webinaari","cat_webinaari"],"_links":{"self":[{"href":"https:\/\/www.pohy.fi\/sv\/wp-json\/wp\/v2\/tribe_events\/106179","targetHints":{"allow":["GET"]}}],"collection":[{"href":"https:\/\/www.pohy.fi\/sv\/wp-json\/wp\/v2\/tribe_events"}],"about":[{"href":"https:\/\/www.pohy.fi\/sv\/wp-json\/wp\/v2\/types\/tribe_events"}],"author":[{"embeddable":true,"href":"https:\/\/www.pohy.fi\/sv\/wp-json\/wp\/v2\/users\/13"}],"version-history":[{"count":4,"href":"https:\/\/www.pohy.fi\/sv\/wp-json\/wp\/v2\/tribe_events\/106179\/revisions"}],"predecessor-version":[{"id":106286,"href":"https:\/\/www.pohy.fi\/sv\/wp-json\/wp\/v2\/tribe_events\/106179\/revisions\/106286"}],"wp:featuredmedia":[{"embeddable":true,"href":"https:\/\/www.pohy.fi\/sv\/wp-json\/wp\/v2\/media\/106180"}],"wp:attachment":[{"href":"https:\/\/www.pohy.fi\/sv\/wp-json\/wp\/v2\/media?parent=106179"}],"wp:term":[{"taxonomy":"post_tag","embeddable":true,"href":"https:\/\/www.pohy.fi\/sv\/wp-json\/wp\/v2\/tags?post=106179"},{"taxonomy":"tribe_events_cat","embeddable":true,"href":"https:\/\/www.pohy.fi\/sv\/wp-json\/wp\/v2\/tribe_events_cat?post=106179"}],"curies":[{"name":"wp","href":"https:\/\/api.w.org\/{rel}","templated":true}]}}

Pohjanmaan SOTE-aamukahvit 10.9.2025 klo 8.15 &#8211; 9.00 Österbottens SOTE-morgonkaffe (Teams)

<p>Teams: <a href="https://bit.ly/46CMAAN">https://bit.ly/46CMAAN</a></p>
<p>Teema:           <strong>Asiakas- ja potilasturvallisuuskeskus<br />
</strong>Tema:             <strong>Klient- och patientsäkerhetscentret</strong></p>
<p><u><strong>Ohjelma &#8211; Program</strong><br />
</u>5 min                 Tervetuloa – Välkommen / POHY &amp; Hyvinvointialue<br />
<em>Hyvinvointialueen puheenvuoro / Välfärdsområdets inlägg<br />
</em>20 min<strong>               </strong>Asiakas- ja potilasturvallisuuskeskuksen esittely &#8211; Presentation av Klient- och patientsäkerhetscentret<br />
<strong>                          Jaana Kalliokoski</strong>, palvelupäällikkö, Asiakas- ja potilasturvallisuuskeskus &#8211; servicechef, Klient- och patientsäkerhetscentralen<br />
*****<br />
10 min               <em>Järjestöpuheenvuoro / Föreningarnas inlägg<br />
</em>                          FinFami E-P ry lyhyesti ja Asiakas- ja potilasturvallisuuskeskuksen järjestöjen asiantuntijaryhmän terveiset &#8211;<br />
FinFami E-P ry i korthet och hälsningar från Sakkunniggruppen för organisationer vid Klient- och patientsäkerhetscentralen<br />
<strong>                          Petra Reinikainen, </strong>aluetyöntekijä &#8211; distriktsarbetare, FinFami Etelä-Pohjanmaa ry</p>
<p>10 min              Kysymykset-keskustelu – Frågor och diskussion</p>

<p>Teams: https://bit.ly/46CMAAN Teema:           Asiakas- ja potilasturvallisuuskeskus Tema:             Klient- och patientsäkerhetscentret Ohjelma &#8211; Program 5 min                 Tervetuloa – Välkommen / POHY &amp; Hyvinvointialue Hyvinvointialueen puheenvuoro / Välfärdsområdets inlägg 20 [&hellip;]</p>
