{"id":106095,"date":"2025-04-30T12:22:24","date_gmt":"2025-04-30T09:22:24","guid":{"rendered":"https:\/\/www.pohy.fi\/?post_type=tribe_events&#038;p=106095"},"modified":"2025-04-30T12:57:07","modified_gmt":"2025-04-30T09:57:07","slug":"esteettomyyspaiva-15-5-2025-klo-15-18-rewell-center-vaasa","status":"publish","type":"tribe_events","link":"https:\/\/www.pohy.fi\/sv\/tapahtuma\/esteettomyyspaiva-15-5-2025-klo-15-18-rewell-center-vaasa\/","title":{"rendered":"Tillg\u00e4nglighetsdagen 15.5.2025 kl. 15-18, Rewell Center, Vasa"},"content":{"rendered":"<p>Tillg\u00e4nglighetsdagen firas torsdagen den 15 maj kl. 15\u201318 i k\u00f6pcentret Rewell. \ud83d\udc99<br \/>\n\u00c5rets tema \u00e4r gemenskap som en fr\u00e4mjare av tillg\u00e4nglighet. Temat p\u00e5minner oss om att vi alla beh\u00f6ver varandra \u2013 ingen klarar sig helt ensam.<\/p>\n<p>Evenemanget lyfter fram organisationer som erbjuder v\u00e4nverksamhet och kamratst\u00f6d, samt delar aktuell information om tillg\u00e4nglighet. Vid prath\u00f6rnan Prata med en fr\u00e4mling kan m\u00e4nniskor m\u00f6tas och samtala med l\u00e5g tr\u00f6skel.<\/p>\n<p>Tillg\u00e4nglighetsdagen \u00e4r \u00f6ppen f\u00f6r alla som \u00e4r intresserade av tillg\u00e4nglighet. Evenemanget \u00e4r gratis, och programmet h\u00e5lls p\u00e5 tre spr\u00e5k. Aulan i k\u00f6pcentret Rewell \u00e4r en tillg\u00e4nglig lokal. Det finns skrivtolkning p\u00e5 plats och vi str\u00e4var efter att ordna tv\u00e5spr\u00e5kig teckenspr\u00e5kstolkning.<\/p>\n<p><strong>Program:<\/strong>:<br \/>\n\ud83d\udd39 15:00-15:10 V\u00e4lkomsth\u00e4lsning, Frans Villanen, ordf\u00f6rande f\u00f6r r\u00e5det f\u00f6r personer med funktionsneds\u00e4ttning i Vasa, Tuula J\u00e4ntti, verksamhetsledare f\u00f6r \u00d6sterbottens f\u00f6reningar och Elisabeth H\u00e4stbacka, tillg\u00e4nglighetskoordinator<br \/>\n\ud83d\udd39 15:10-15:20 Presentation av kampanjen Prata med en fr\u00e4mling, Senni Korhonen, koordinator, sekreterare f\u00f6r \u00e4ldrer\u00e5det<br \/>\n\ud83d\udd39 15:20-16:00 F\u00f6reningars och olika akt\u00f6rers talturer + fr\u00e5gor och diskussion<br \/>\n\ud83d\udd39 16:00-16:10 Paus och m\u00f6jlighet att bes\u00f6ka presentationsborden<br \/>\n\ud83d\udd39 16:10-16:20 Information om tillg\u00e4nglighet vid olika kultur- och fritidsst\u00e4llen, Elisabeth H\u00e4stbacka, tillg\u00e4nglighetskoordinator<br \/>\n\ud83d\udd39 16:20-17:00 F\u00f6reningars och olika akt\u00f6rers talturer + fr\u00e5gor och diskussion<br \/>\n\ud83d\udd39 17:00-17:10 Paus och m\u00f6jlighet att bes\u00f6ka presentationsborden<br \/>\n\ud83d\udd39 17:10-17:50 F\u00f6reningars och olika akt\u00f6rers talturer + fr\u00e5gor och diskussion<br \/>\n\ud83d\udd39 17:50-18:00 Lotteri och avslutande ord<\/p>\n<p><strong>L\u00e4s mer: https:\/\/www.vaasa.fi\/sv\/aktuellt\/tillganglighetsdagen-samlar-manniskor-och-organisationer\/<\/strong>: <a href=\"https:\/\/www.vaasa.fi\/ajankohtaista\/esteettomyyspaiva-tuo-yhteen-ihmisia-ja-jarjestoja\/\">https:\/\/www.vaasa.fi\/ajankohtaista\/esteettomyyspaiva-tuo-yhteen-ihmisia-ja-jarjestoja\/<\/a><\/p>","protected":false},"excerpt":{"rendered":"<p>Esteett\u00f6myysp\u00e4iv\u00e4\u00e4 vietet\u00e4\u00e4n torstaina 15.5. klo 15\u201318 kauppakeskus Rewelliss\u00e4. \ud83d\udc99 T\u00e4m\u00e4n vuoden teemana on yhteis\u00f6llisyys esteett\u00f6myyden edist\u00e4j\u00e4n\u00e4. Teema muistuttaa, ett\u00e4 me kaikki tarvitsemme toisiamme ja kukaan ei p\u00e4rj\u00e4\u00e4 yksin. Tapahtumassa esitell\u00e4\u00e4n [&hellip;]<\/p>\n","protected":false},"author":13,"featured_media":106096,"template":"","meta":{"_et_pb_use_builder":"","_et_pb_old_content":"","_et_gb_content_width":"","_tribe_events_status":"","_tribe_events_status_reason":"","footnotes":""},"tags":[109,177,72,176,178],"tribe_events_cat":[78],"class_list":["post-106095","tribe_events","type-tribe_events","status-publish","has-post-thumbnail","hentry","tag-esteettomyys","tag-kirjoitustulkkaus","tag-pohy","tag-saavutettavuus","tag-viittomakielen-tulkkaus","tribe_events_cat-tapahtuma","cat_tapahtuma"],"_links":{"self":[{"href":"https:\/\/www.pohy.fi\/sv\/wp-json\/wp\/v2\/tribe_events\/106095","targetHints":{"allow":["GET"]}}],"collection":[{"href":"https:\/\/www.pohy.fi\/sv\/wp-json\/wp\/v2\/tribe_events"}],"about":[{"href":"https:\/\/www.pohy.fi\/sv\/wp-json\/wp\/v2\/types\/tribe_events"}],"author":[{"embeddable":true,"href":"https:\/\/www.pohy.fi\/sv\/wp-json\/wp\/v2\/users\/13"}],"version-history":[{"count":1,"href":"https:\/\/www.pohy.fi\/sv\/wp-json\/wp\/v2\/tribe_events\/106095\/revisions"}],"predecessor-version":[{"id":106097,"href":"https:\/\/www.pohy.fi\/sv\/wp-json\/wp\/v2\/tribe_events\/106095\/revisions\/106097"}],"wp:featuredmedia":[{"embeddable":true,"href":"https:\/\/www.pohy.fi\/sv\/wp-json\/wp\/v2\/media\/106096"}],"wp:attachment":[{"href":"https:\/\/www.pohy.fi\/sv\/wp-json\/wp\/v2\/media?parent=106095"}],"wp:term":[{"taxonomy":"post_tag","embeddable":true,"href":"https:\/\/www.pohy.fi\/sv\/wp-json\/wp\/v2\/tags?post=106095"},{"taxonomy":"tribe_events_cat","embeddable":true,"href":"https:\/\/www.pohy.fi\/sv\/wp-json\/wp\/v2\/tribe_events_cat?post=106095"}],"curies":[{"name":"wp","href":"https:\/\/api.w.org\/{rel}","templated":true}]}}

Tillgänglighetsdagen 15.5.2025 kl. 15-18, Rewell Center, Vasa

<p>Tillgänglighetsdagen firas torsdagen den 15 maj kl. 15–18 i köpcentret Rewell. 💙<br />
Årets tema är gemenskap som en främjare av tillgänglighet. Temat påminner oss om att vi alla behöver varandra – ingen klarar sig helt ensam.</p>
<p>Evenemanget lyfter fram organisationer som erbjuder vänverksamhet och kamratstöd, samt delar aktuell information om tillgänglighet. Vid prathörnan Prata med en främling kan människor mötas och samtala med låg tröskel.</p>
<p>Tillgänglighetsdagen är öppen för alla som är intresserade av tillgänglighet. Evenemanget är gratis, och programmet hålls på tre språk. Aulan i köpcentret Rewell är en tillgänglig lokal. Det finns skrivtolkning på plats och vi strävar efter att ordna tvåspråkig teckenspråkstolkning.</p>
<p><strong>Program:</strong>:<br />
🔹 15:00-15:10 Välkomsthälsning, Frans Villanen, ordförande för rådet för personer med funktionsnedsättning i Vasa, Tuula Jäntti, verksamhetsledare för Österbottens föreningar och Elisabeth Hästbacka, tillgänglighetskoordinator<br />
🔹 15:10-15:20 Presentation av kampanjen Prata med en främling, Senni Korhonen, koordinator, sekreterare för äldrerådet<br />
🔹 15:20-16:00 Föreningars och olika aktörers talturer + frågor och diskussion<br />
🔹 16:00-16:10 Paus och möjlighet att besöka presentationsborden<br />
🔹 16:10-16:20 Information om tillgänglighet vid olika kultur- och fritidsställen, Elisabeth Hästbacka, tillgänglighetskoordinator<br />
🔹 16:20-17:00 Föreningars och olika aktörers talturer + frågor och diskussion<br />
🔹 17:00-17:10 Paus och möjlighet att besöka presentationsborden<br />
🔹 17:10-17:50 Föreningars och olika aktörers talturer + frågor och diskussion<br />
🔹 17:50-18:00 Lotteri och avslutande ord</p>
<p><strong>Läs mer: https://www.vaasa.fi/sv/aktuellt/tillganglighetsdagen-samlar-manniskor-och-organisationer/</strong>: <a href="https://www.vaasa.fi/ajankohtaista/esteettomyyspaiva-tuo-yhteen-ihmisia-ja-jarjestoja/">https://www.vaasa.fi/ajankohtaista/esteettomyyspaiva-tuo-yhteen-ihmisia-ja-jarjestoja/</a></p>

<p>Esteettömyyspäivää vietetään torstaina 15.5. klo 15–18 kauppakeskus Rewellissä. 💙 Tämän vuoden teemana on yhteisöllisyys esteettömyyden edistäjänä. Teema muistuttaa, että me kaikki tarvitsemme toisiamme ja kukaan ei pärjää yksin. Tapahtumassa esitellään [&hellip;]</p>
